rmine p(3).
-11
Let i(h) = h**3 - 5*h**2 - 6*h + 3. What is i(6)?
3
Let y(f) = 67*f - 71. Give y(1).
-4
Let v(a) = -5*a - 41. What is v(-10)?
9
Let a(b) = -b**3 + 10*b**2 - 2*b + 8. Determine a(9).
71
Let q(d) = 10*d**3 - d**2 - 2*d + 2. Give q(1).
9
Let c(s) = -s**3 + 10*s**2 - 10*s - 10. Give c(9).
-19
Let p(c) = c + 30. Calculate p(-15).
15
Let f(v) = -2*v**3 - 2*v**2 - v + 2. Determine f(1).
-3
Let d(o) = -o**3 + 18*o**2 + 2*o - 17. Determine d(18).
19
Let i(z) = z**3 + 3*z**2 - z - 12. Give i(-2).
-6
Let i(k) = 3*k - 4. Determine i(3).
5
Let y(w) = w**2 + 6*w - 18. Give y(-7).
-11
Let g(f) = -4*f + 2. What is g(-5)?
22
Let k(a) = 6*a + 10. Calculate k(-2).
-2
Let i(f) = f**3 - 5*f**2 + 2*f - 3. Calculate i(6).
45
Let n(j) = -j**3 + 13*j**2 - 10*j + 14. What is n(12)?
38
Let w(g) = 5*g. Determine w(1).
5
Let l(a) = -2*a**2 - 39*a - 41. What is l(-19)?
-22
Let h(g) = -g**2 + 4*g - 12. What is h(4)?
-12
Let d(c) = 10*c**2 - 3*c - 1. Give d(-2).
45
Let n(c) = c**2 + 12*c + 23. What is n(-11)?
12
Let h(a) = -4*a**2 - 28*a - 5. Calculate h(-7).
-5
Let l(r) = 16*r - 1. What is l(-2)?
-33
Let g(i) = 25*i - 289. Determine g(11).
-14
Let w(r) = 7*r**2 - 15*r + 2. Determine w(5).
102
Let z(q) = -2*q**2 + q + 16. Give z(-3).
-5
Let z(d) = 7*d + 3. Determine z(-4).
-25
Let m(j) = j**2 + 23*j - 66. What is m(-25)?
-16
Let l(a) = -78*a + 551. What is l(7)?
5
Let p(q) = -7*q**2 + 5*q - 4. Calculate p(1).
-6
Let b(s) = -s**3 + 11*s**2 + 28*s - 12. Calculate b(13).
14
Let d(q) = -9*q - 2. Calculate d(3).
-29
Let f(o) = -2*o**3 - o**2 - 6. What is f(0)?
-6
Let z(a) = -13*a - 41. Determine z(-4).
11
Let v(c) = c**2 - 5*c + 6. Give v(4).
2
Let l(y) = -y**2 - 17*y + 11. Calculate l(-8).
83
Let y(m) = m**2 - 11*m - 14. Calculate y(9).
-32
Let v(c) = 4*c + 123. What is v(-32)?
-5
Let g(c) = 2*c**3 + 14*c**2 + 11*c - 10. What is g(-6)?
-4
Let w(r) = r**2 + 11*r + 2. What is w(-10)?
-8
Let o(n) = 2*n**3 - 10*n**2 - 3*n + 14. Give o(5).
-1
Let a(t) = 2*t**2 - 8*t + 5. What is a(6)?
29
Let s(m) = m**2 + m + 1. What is s(-1)?
1
Let s(k) = k**3 + 6*k**2 + k + 14. Give s(-6).
8
Let k(s) = -s**2 - 10*s - 6. Give k(-4).
18
Let u(a) = -a**2 + 10*a - 25. What is u(4)?
-1
Let k(n) = 28*n**2 + 3*n - 3. Determine k(-2).
103
Let m(i) = i**3 + 9*i**2 + 22*i + 10. Calculate m(-4).
2
Let j(n) = -3*n + 54. Calculate j(16).
6
Let s(g) = -14*g - 80. Give s(-10).
60
Let a(f) = -f**2 - 11*f + 33. Give a(-14).
-9
Let w(o) = 16*o**3 - 2*o + 1. Calculate w(1).
15
Let m(l) = 2*l**2 + 15*l - 7. Calculate m(-7).
-14
Let i(t) = -11*t - 654. Determine i(-59).
-5
Let h(b) = b**2 + 12*b - 34. Calculate h(-16).
30
Let r(z) = -4*z**2 + 3*z + 5. Determine r(4).
-47
Let z(r) = r**3 - 9*r**2 - 11*r + 6. Give z(10).
-4
Let y(q) = -7*q + 12. What is y(8)?
-44
Let g(h) = 9*h + 15. Give g(-2).
-3
Let h(r) = 3*r**2 + 2*r + 2. Give h(-2).
10
Let n(z) = -z**3 + 34*z**2 + 43*z - 284. Calculate n(35).
-4
Let j(y) = y**3 + 6*y**2 + 3*y - 5. Determine j(-5).
5
Let d(f) = -f**3 - 8*f**2 - 10*f - 6. Give d(-7).
15
Let i(x) = x. Give i(-5).
-5
Let c(s) = -s**2 + 15*s - 36. Calculate c(9).
18
Let t(g) = g**3 + g**2 - 6*g - 2. Calculate t(2).
-2
Let t(s) = -10*s**2 + 120*s + 4. Give t(12).
4
Let a(x) = 18*x**3 + 2*x + 1. Calculate a(-1).
-19
Let k(z) = -71*z**2 + 3*z + 1. Give k(-1).
-73
Let z(c) = c**3 + 7*c**2 + 5*c - 10. What is z(-6)?
-4
Let z(j) = j**2 - 7*j + 10. Calculate z(8).
18
Let h(q) = -q**3 - 7*q**2 + 10*q - 4. What is h(-8)?
-20
Let z(t) = -2*t + 9. Give z(8).
-7
Let g(x) = -x**2 + 3*x + 14. Determine g(6).
-4
Let m(s) = s**3 + s**2 + 35*s + 112. Determine m(-3).
-11
Let l(o) = -7*o + 116. What is l(17)?
-3
Let v(u) = u**3 - 8*u**2 + 9*u + 9. Calculate v(5).
-21
Let i(v) = 4*v - 115. What is i(24)?
-19
Let k(w) = -w**2 + w + 3. Give k(5).
-17
Let l(j) = -17*j + 124. Calculate l(6).
22
Let s(m) = -m**2 - 8*m - 4. Calculate s(-7).
3
Let w(f) = 4*f + 1. Calculate w(1).
5
Let k(d) = -13*d**2 - 2*d + 2. What is k(1)?
-13
Let k(z) = 3*z**3 + 6*z**2 - z - 2. Give k(-1).
2
Let t(n) = -10*n**3 + n**2 + 3*n + 2. Give t(-1).
10
Let v(p) = -6*p + 4. Determine v(-8).
52
Let y(t) = 2*t**2 + 22*t + 94. Determine y(-7).
38
Let v(r) = 5*r**2 + 14*r + 1. What is v(-5)?
56
Let m(x) = 23*x + 93. Give m(-6).
-45
Let i(m) = -m**2 + m - 3. What is i(4)?
-15
Let n(d) = 4*d**2 + 84*d - 17. Calculate n(-21).
-17
Let n(g) = -7*g + 2. Give n(2).
-12
Let m(a) = 3*a + 42. Calculate m(-14).
0
Let l(d) = 11*d**3 - 2*d**2 + 5*d + 7. What is l(-1)?
-11
Let b(a) = -2*a + 31. Determine b(22).
-13
Let g(c) = -7*c + 51. Calculate g(6).
9
Let w(m) = m**3 + 19*m**2 + 92*m + 15. Determine w(-10).
-5
Let n(g) = -g**3 + 4*g**2 + 14*g - 56. Give n(5).
-11
Let y(p) = 260*p - 524. What is y(2)?
-4
Let n(r) = 23*r - 143. Determine n(5).
-28
Let s(j) = -j**3 - 6*j**2 - 4*j - 4. Calculate s(-5).
-9
Let u(w) = 32*w + 135. What is u(-4)?
7
Let r(l) = 3*l**3 - 11*l**2 - 6*l + 9. Determine r(4).
1
Let q(k) = k**3 + 9*k**2 + 7*k - 19. Determine q(-8).
-11
Let w(b) = 2*b**3 + 2*b - 3. Give w(3).
57
Let w(b) = -4*b**3 - b**2 - 4*b + 16. Give w(2).
-28
Let s(r) = -r**3 + 11*r**2 - 26*r + 20. Give s(8).
4
Let w(f) = -f**3 + f**2 + f - 2. What is w(2)?
-4
Let r(y) = -y**3 + 4*y**2 + 22*y - 9. Calculate r(7).
-2
Let z(x) = -22*x + 58. Give z(2).
14
Let p(d) = 3*d**3 + 31*d**2 - 105*d - 18. What is p(-13)?
-5
Let a(o) = -o + 2. Determine a(-5).
7
Let x(j) = j**3 - 11*j**2 + 9*j. Calculate x(10).
-10
Let j(l) = l - 26. Calculate j(19).
-7
Let w(n) = n**2 + 6*n + 6. Determine w(-3).
-3
Let k(p) = 6*p**2 + 14*p - 30. Give k(-4).
10
Let b(s) = -5*s + 60. Give b(13).
-5
Let h(d) = -d**3 - 5*d**2 + d - 13. Give h(-6).
17
Let p(k) = -k**2 + 11*k - 8. Calculate p(11).
-8
Let x(r) = -3*r**2 - 15*r - 11. Calculate x(-3).
7
Let t(p) = -17*p - 20. Calculate t(-9).
133
Let t(p) = -2*p**2 - 4*p - 4. What is t(-2)?
-4
Let p(l) = l**3 - 6*l**2 - l + 10. Determine p(5).
-20
Let i(z) = -2*z + 88. What is i(41)?
6
Let i(c) = 2*c**2 + 113*c + 161. Calculate i(-55).
-4
Let o(m) = -5*m**3 + 2. What is o(1)?
-3
Let t(a) = a**2 + 22*a - 136. Calculate t(5).
-1
Let f(i) = -i**2 + 23*i - 123. Calculate f(16).
-11
Let c(f) = -f**2 - f + 13. Calculate c(3).
1
Let i(n) = -27*n - 2. Determine i(4).
-110
Let i(b) = -b**2 - b - 30. Determine i(0).
-30
Let w(u) = 5*u - 9. Give w(2).
1
Let c(l) = 38*l**3 - 2*l - 1. Calculate c(-1).
-37
Let x(o) = -13*o. What is x(-4)?
52
Let z(s) = 25*s + 21. Give z(-1).
-4
Let i(y) = -9*y**2 + 21*y. Give i(3).
-18
Let g(b) = -b**2 + 6*b - 7. Give g(8).
-23
Let n(y) = -y**2 + 12*y + 42. What is n(15)?
-3
Let o(v) = -20*v + 4. What is o(-1)?
24
Let t(a) = a**3 - 5*a**2 + 3*a + 6. Determine t(4).
2
Let i(u) = -8*u - 6. What is i(2)?
-22
Let q(k) = -k + 11. Calculate q(5).
6
Let z(m) = m**2 - 3*m - 7. Determine z(8).
33
Let i(y) = 16*y. Give i(-2).
-32
Let y(f) = 20*f**2 - 2. Determine y(1).
18
Let y(i) = i**3 + 4*i + 10. Give y(-4).
-70
Let p(l) = -4*l**2 - 15*l - 2. Determine p(-4).
-6
Let k(v) = -v**3 - 2*v**2 - 9*v - 19. Give k(-3).
17
Let i(b) = -b**2 - 63*b - 347. Calculate i(-6).
-5
Let q(r) = -r**2 + 25*r - 48. What is q(22)?
18
Let g(v) = 2*v**2 - 4. Calculate g(-4).
28
Let m(h) = h**3 - 28*h**2 - 9*h + 252. Determine m(28).
0
Let f(n) = -12*n - 60. Calculate f(-5).
0
Let o(j) = -8*j + 1. What is o(5)?
-39
Let u(w) = 2*w**2 + 25*w - 2. What is u(0)?
-2
Let p(r) = 6*r**3 + 31*r**2 + 6*r + 7. Give p(-5).
2
Let f(p) = -p**2 - 9*p + 107. Give f(-11).
85
Let x(u) = -u**2 - 21*u + 1. Determine x(-20).
21
Let r(l) = 3*l**2 - 2*l - 11. Determine r(4).
29
Let s(h) = -10*h - 4. Calculate s(-11).
106
Let w(a) = -37*a + 276. Determine w(7).
17
Let o(q) = q - 8. Calculate o(5).
-3
Let o(z) = 3*z + 4. Give o(-5).
-11
Let q(k) = -17*k - 7. Determine q(-3).
44
Let x(v) = v**3 + 5*v**2 - 6*v - 2. Determine x(-6).
-2
Let x(d) = -d**3 - 3*d**2 + 8*d - 18. What is x(-6)?
42
Let d(k) = k**2 + 12*k - 34. What is d(-14)?
-6
Let m(b) = 5*b + 79. What is m(-19)?
-16
Let t(z) = -z**3 + 27*z**2 + 2*z - 33. Calculate t(27).
21
Let s(a) = -a**2 - 7*a - 20. Calculate s(-4).
-8
Let k(d) = d**3 + 9*d**2 + 10*d - 1. Determine k(-7).
27
Let a(r) = -r**3 + 7*r**2 - 6*r + 1. Determine a(6).
1
Let h(w) = -w**2 - 22*w + 112. Determine h(5).
-23
Let n(d) = -4*d**2 + 23*d + 17. Calculate 